{"id":117,"date":"2019-01-01T21:34:39","date_gmt":"2019-01-01T20:34:39","guid":{"rendered":"http:\/\/imarques.info\/confraria\/?page_id=117"},"modified":"2024-02-23T13:36:50","modified_gmt":"2024-02-23T12:36:50","slug":"la-vestimenta","status":"publish","type":"page","link":"https:\/\/jesusdenatzaret.com\/?page_id=117","title":{"rendered":"La Vestimenta"},"content":{"rendered":"<p>La cofrad\u00eda tiene a disposici\u00f3n de los cofrades la tela de terciopelo para la <img loading=\"lazy\" decoding=\"async\" class=\" wp-image-160 alignright\" src=\"http:\/\/imarques.info\/confraria\/wp-content\/uploads\/2019\/01\/392799.h-501x1024.jpg\" alt=\"\" width=\"174\" height=\"356\" srcset=\"https:\/\/jesusdenatzaret.com\/wp-content\/uploads\/2019\/01\/392799.h-501x1024.jpg 501w, https:\/\/jesusdenatzaret.com\/wp-content\/uploads\/2019\/01\/392799.h-147x300.jpg 147w, https:\/\/jesusdenatzaret.com\/wp-content\/uploads\/2019\/01\/392799.h-768x1570.jpg 768w, https:\/\/jesusdenatzaret.com\/wp-content\/uploads\/2019\/01\/392799.h-200x409.jpg 200w, https:\/\/jesusdenatzaret.com\/wp-content\/uploads\/2019\/01\/392799.h-690x1411.jpg 690w, https:\/\/jesusdenatzaret.com\/wp-content\/uploads\/2019\/01\/392799.h.jpg 896w\" sizes=\"auto, (max-width: 174px) 100vw, 174px\" \/>elaboraci\u00f3n de la vestimenta as\u00ed como de los capirotes y resto de complementos, los interesados lo pueden adquirir en la parroquia, en la plaza del Borne contactando con la vocal Valentina al tel\u00e9fono 674098021.<\/p>\n<p>La cofrad\u00eda tambi\u00e9n dispone de vestimentas para ser prestadas a los interesados en participar como nuevos\u00a0cofrades en la procesi\u00f3n, siendo el funcionamiento el siguiente, pago de la cuota a la cofrad\u00eda (15\u20ac) el primer y segundo a\u00f1o y compromiso de comprarla o confeccion\u00e1rsela el a\u00f1o siguiente.<\/p>\n<table style=\"height: 421px;\" width=\"373\">\n<tbody>\n<tr>\n<td width=\"83%\"><strong>TELA VELLUT<\/strong><\/td>\n<td width=\"15%\"><strong>25.00\u20ac<\/strong><\/td>\n<\/tr>\n<tr>\n<td><strong>CAPERUTXO<\/strong><\/td>\n<td><strong>12.00\u20ac<\/strong><\/td>\n<\/tr>\n<tr>\n<td><strong>ESCUDO PEQUE\u00d1O COFRAD\u00cdA<\/strong><\/td>\n<td><strong>10.00\u20ac<\/strong><\/td>\n<\/tr>\n<tr>\n<td><strong>ESCUDO COFRAD\u00cdA<\/strong><\/td>\n<td><strong>13.00\u20ac<\/strong><\/td>\n<\/tr>\n<tr>\n<td><strong>3m. DE CORD\u00d3N MORADO<\/strong><\/td>\n<td><strong>1.15\u20ac<\/strong><\/td>\n<\/tr>\n<tr>\n<td><strong>BOTONES (la unidad)<\/strong><\/td>\n<td><strong>0.18\u20ac<\/strong><\/td>\n<\/tr>\n<tr>\n<td><strong>UN PAR DE GUANTES<\/strong><\/td>\n<td><strong>3.00\u20ac<\/strong><\/td>\n<\/tr>\n<tr>\n<td><strong>TELA BLANCA (Adulto 2m.)( Precio Orientativo)<\/strong><\/td>\n<td><strong>20.00\u20ac<\/strong><\/td>\n<\/tr>\n<tr>\n<td><strong>CINTUR\u00d3N ESPARTO PENITENTE<\/strong><\/td>\n<td><strong>13.50\u20ac<\/strong><\/td>\n<\/tr>\n<\/tbody>\n<\/table>\n","protected":false},"excerpt":{"rendered":"<p>La cofrad\u00eda tiene a disposici\u00f3n de los cofrades la tela de terciopelo para la elaboraci\u00f3n de la vestimenta as\u00ed como&nbsp;[&hellip;]<\/p>\n","protected":false},"author":1,"featured_media":0,"parent":0,"menu_order":2,"comment_status":"closed","ping_status":"closed","template":"","meta":{"pgc_sgb_lightbox_settings":"","footnotes":""},"class_list":["post-117","page","type-page","status-publish","hentry","post-item clearfix"],"_links":{"self":[{"href":"https:\/\/jesusdenatzaret.com\/index.php?rest_route=\/wp\/v2\/pages\/117","targetHints":{"allow":["GET"]}}],"collection":[{"href":"https:\/\/jesusdenatzaret.com\/index.php?rest_route=\/wp\/v2\/pages"}],"about":[{"href":"https:\/\/jesusdenatzaret.com\/index.php?rest_route=\/wp\/v2\/types\/page"}],"author":[{"embeddable":true,"href":"https:\/\/jesusdenatzaret.com\/index.php?rest_route=\/wp\/v2\/users\/1"}],"replies":[{"embeddable":true,"href":"https:\/\/jesusdenatzaret.com\/index.php?rest_route=%2Fwp%2Fv2%2Fcomments&post=117"}],"version-history":[{"count":14,"href":"https:\/\/jesusdenatzaret.com\/index.php?rest_route=\/wp\/v2\/pages\/117\/revisions"}],"predecessor-version":[{"id":1392,"href":"https:\/\/jesusdenatzaret.com\/index.php?rest_route=\/wp\/v2\/pages\/117\/revisions\/1392"}],"wp:attachment":[{"href":"https:\/\/jesusdenatzaret.com\/index.php?rest_route=%2Fwp%2Fv2%2Fmedia&parent=117"}],"curies":[{"name":"wp","href":"https:\/\/api.w.org\/{rel}","templated":true}]}}