{"id":47,"date":"2018-12-29T14:43:33","date_gmt":"2018-12-29T13:43:33","guid":{"rendered":"http:\/\/imarques.info\/confraria\/?page_id=47"},"modified":"2019-01-23T18:37:17","modified_gmt":"2019-01-23T17:37:17","slug":"nuestra-parroquia","status":"publish","type":"page","link":"https:\/\/jesusdenatzaret.com\/?page_id=47","title":{"rendered":"Nuestra parroquia"},"content":{"rendered":"<p><img loading=\"lazy\" decoding=\"async\" class=\"aligncenter size-full wp-image-312\" src=\"http:\/\/imarques.info\/confraria\/wp-content\/uploads\/2019\/01\/223547_467161070017264_595869494_n-1.jpg\" alt=\"\" width=\"960\" height=\"407\" srcset=\"https:\/\/jesusdenatzaret.com\/wp-content\/uploads\/2019\/01\/223547_467161070017264_595869494_n-1.jpg 960w, https:\/\/jesusdenatzaret.com\/wp-content\/uploads\/2019\/01\/223547_467161070017264_595869494_n-1-300x127.jpg 300w, https:\/\/jesusdenatzaret.com\/wp-content\/uploads\/2019\/01\/223547_467161070017264_595869494_n-1-768x326.jpg 768w, https:\/\/jesusdenatzaret.com\/wp-content\/uploads\/2019\/01\/223547_467161070017264_595869494_n-1-200x85.jpg 200w, https:\/\/jesusdenatzaret.com\/wp-content\/uploads\/2019\/01\/223547_467161070017264_595869494_n-1-690x293.jpg 690w\" sizes=\"auto, (max-width: 960px) 100vw, 960px\" \/><\/p>\n<p>La parroquia de San Francisco de Ciutadella tiene su origen en el convento de frailes menores o franciscanos fundado por Alfonso III de Arag\u00f3n justo despu\u00e9s de la conquista de Menorca. En efecto, el 1 de marzo de 1287, cuando el monarca a\u00fan se encontraba en la isla, conced\u00eda a los guardianes de los franciscanos o frailes menores de Barcelona y de la Ciudad de Mallorca algunas tierras en Ciutadella con la condici\u00f3n de que construyeran un convento y que algunos frailes pasasen a residir en el. Estas tierras consist\u00edan en el huerto que hab\u00eda sido del rais Abu Umar y algunas casas. La llegada de los primeros frailes debi\u00f3 ser casi inmediata, el a\u00f1o 1290 el guardi\u00e1n del convento era fray Berenguer de Lled\u00f3.<\/p>\n<p>No sabemos nada de este primer convento franciscano, si bien nos ha quedado una l\u00e1pida sepulcral (actualmente en el Museo Diocesano) de Guillem Pere de Vilafreser, lugarteniente del tesorero real, que hab\u00eda sido sepultado en San Francisco en julio de 1294.<\/p>\n<p>Desde el primer momento el convento de San Francisco tuvo importancia en la vida religiosa y social de Ciutadella. As\u00ed, en 1301 se tuvo lugar una importante sesi\u00f3n de la Universidad de Menorca con los procuradores de Jaime II de Mallorca, en la que se acordaron los t\u00e9rminos de la reestructuraci\u00f3n del r\u00e9gimen de las propiedades inmuebles. Durante el siglo XIV tambi\u00e9n se celebraba, en la v\u00edspera de Navidad, la renovaci\u00f3n de los cargos de la Universidad. En cuanto a la adscripci\u00f3n del convento de Ciutadella dentro de la orden franciscana, pas\u00f3 de la rama de los claustrales a la de los observantes. El tronco com\u00fan de la orden de frailes menores, fundado por el pobrecillo de As\u00eds 1209, que ten\u00eda la hermana Pobreza por referente, se hab\u00eda dividido en varias ramas. El convento de Ciutadella perteneci\u00f3 al grupo de los claustrales hasta 1504, cuando inici\u00f3 la reforma para pasar al de los observantes, es decir, que segu\u00edan m\u00e1s de cerca la regla de San Francisco, sobre todo en cuanto al desprendimiento de los bienes materiales, en contraposici\u00f3n a los conventuales, m\u00e1s laxas.<\/p>\n<p><img loading=\"lazy\" decoding=\"async\" class=\"aligncenter  wp-image-315\" src=\"http:\/\/imarques.info\/confraria\/wp-content\/uploads\/2019\/01\/10478437_592200047569337_1994658476578929291_n-1.jpg\" alt=\"\" width=\"391\" height=\"220\" srcset=\"https:\/\/jesusdenatzaret.com\/wp-content\/uploads\/2019\/01\/10478437_592200047569337_1994658476578929291_n-1.jpg 960w, https:\/\/jesusdenatzaret.com\/wp-content\/uploads\/2019\/01\/10478437_592200047569337_1994658476578929291_n-1-300x169.jpg 300w, https:\/\/jesusdenatzaret.com\/wp-content\/uploads\/2019\/01\/10478437_592200047569337_1994658476578929291_n-1-768x432.jpg 768w, https:\/\/jesusdenatzaret.com\/wp-content\/uploads\/2019\/01\/10478437_592200047569337_1994658476578929291_n-1-200x113.jpg 200w, https:\/\/jesusdenatzaret.com\/wp-content\/uploads\/2019\/01\/10478437_592200047569337_1994658476578929291_n-1-690x388.jpg 690w\" sizes=\"auto, (max-width: 391px) 100vw, 391px\" \/><\/p>\n<p>La configuraci\u00f3n exacta del convento medieval nos es desconocida. Sabemos que la iglesia era de una nave dividida en cuatro tramos y \u00e1bside y ocupaba parte del espacio del templo actual. Al lado, por el lado de poniente, estaba el edificio del convento. Un huerto de notable extensi\u00f3n ocupaba lo que hoy son las calles Nueve de Julio y Joan Benejam, hasta la plaza de los Pinos, no hab\u00eda la muralla de la ciudad. Este convento qued\u00f3 muy da\u00f1ado en el asalto otomano de Ciutadella (julio de 1558), por lo que se consider\u00f3 la necesidad de reedificar tanto la iglesia como el convento. Las obras de la iglesia empezaron en diciembre de 1569 y fueron terminadas tres a\u00f1os m\u00e1s tarde. Sin embargo, pronto (1581) se decidi\u00f3 ampliar el templo. En esta ocasi\u00f3n, las obras se prolongaron hasta el a\u00f1o 1607. La iglesia, de nave \u00fanica, cubierta con b\u00f3veda de crucer\u00eda y capillas laterales entre contrafuertes, se inspiraba con los patrones del g\u00f3tico, si bien siempre dentro de una gran sencillez y austeridad ornamental.<\/p>\n<p>Durante el siglo XVII se construy\u00f3 el convento, a la vez que se hac\u00edan algunas reformas y a\u00f1adidos a la iglesia, como el coraz\u00f3n (1613), el portal lateral que da a la calle de la Pur\u00edsima y el mayor que se abr\u00eda en el Born (1681-84). De estos portales barrocos, obra de maestro Pere Amor\u00f3s, s\u00f3lo se conserva el primero, ya que el portal mayor fue sustituido al inicio del siglo XIX por el neocl\u00e1sico que se puede ver en la actualidad.<img loading=\"lazy\" decoding=\"async\" class=\"wp-image-317 alignleft\" src=\"http:\/\/imarques.info\/confraria\/wp-content\/uploads\/2019\/01\/PA270003-768x1024.jpg\" alt=\"\" width=\"216\" height=\"288\" srcset=\"https:\/\/jesusdenatzaret.com\/wp-content\/uploads\/2019\/01\/PA270003-768x1024.jpg 768w, https:\/\/jesusdenatzaret.com\/wp-content\/uploads\/2019\/01\/PA270003-225x300.jpg 225w, https:\/\/jesusdenatzaret.com\/wp-content\/uploads\/2019\/01\/PA270003-200x267.jpg 200w, https:\/\/jesusdenatzaret.com\/wp-content\/uploads\/2019\/01\/PA270003-690x920.jpg 690w, https:\/\/jesusdenatzaret.com\/wp-content\/uploads\/2019\/01\/PA270003.jpg 1536w\" sizes=\"auto, (max-width: 216px) 100vw, 216px\" \/><\/p>\n<p><img loading=\"lazy\" decoding=\"async\" class=\"wp-image-321 alignright\" src=\"http:\/\/imarques.info\/confraria\/wp-content\/uploads\/2019\/01\/retocadas-6-1-664x1024.jpg\" alt=\"\" width=\"178\" height=\"274\" srcset=\"https:\/\/jesusdenatzaret.com\/wp-content\/uploads\/2019\/01\/retocadas-6-1-664x1024.jpg 664w, https:\/\/jesusdenatzaret.com\/wp-content\/uploads\/2019\/01\/retocadas-6-1-194x300.jpg 194w, https:\/\/jesusdenatzaret.com\/wp-content\/uploads\/2019\/01\/retocadas-6-1-768x1185.jpg 768w, https:\/\/jesusdenatzaret.com\/wp-content\/uploads\/2019\/01\/retocadas-6-1-200x309.jpg 200w, https:\/\/jesusdenatzaret.com\/wp-content\/uploads\/2019\/01\/retocadas-6-1-690x1064.jpg 690w, https:\/\/jesusdenatzaret.com\/wp-content\/uploads\/2019\/01\/retocadas-6-1.jpg 1880w\" sizes=\"auto, (max-width: 178px) 100vw, 178px\" \/><\/p>\n<p>\u00a0<\/p>\n<p>En esta misma reforma se decidi\u00f3 alargar la iglesia, por lo que desapareci\u00f3 el \u00e1bside original, sustituido por el crucero cubierto con c\u00fapula y un nuevo \u00e1bside (1808). M\u00e1s tarde (1831), se construy\u00f3 el deambulatorio de atr\u00e1s del altar.<\/p>\n<p><img loading=\"lazy\" decoding=\"async\" class=\"wp-image-316 alignleft\" src=\"http:\/\/imarques.info\/confraria\/wp-content\/uploads\/2019\/01\/A9R18jmpw2_1d292p2_atw-1-1024x681.jpg\" alt=\"\" width=\"307\" height=\"204\" srcset=\"https:\/\/jesusdenatzaret.com\/wp-content\/uploads\/2019\/01\/A9R18jmpw2_1d292p2_atw-1-1024x681.jpg 1024w, https:\/\/jesusdenatzaret.com\/wp-content\/uploads\/2019\/01\/A9R18jmpw2_1d292p2_atw-1-300x200.jpg 300w, https:\/\/jesusdenatzaret.com\/wp-content\/uploads\/2019\/01\/A9R18jmpw2_1d292p2_atw-1-768x511.jpg 768w, https:\/\/jesusdenatzaret.com\/wp-content\/uploads\/2019\/01\/A9R18jmpw2_1d292p2_atw-1-200x133.jpg 200w, https:\/\/jesusdenatzaret.com\/wp-content\/uploads\/2019\/01\/A9R18jmpw2_1d292p2_atw-1-690x459.jpg 690w, https:\/\/jesusdenatzaret.com\/wp-content\/uploads\/2019\/01\/A9R18jmpw2_1d292p2_atw-1.jpg 1380w\" sizes=\"auto, (max-width: 307px) 100vw, 307px\" \/><\/p>\n<p>La reforma de los primeros a\u00f1os del siglo XIX rompi\u00f3 la armon\u00eda de la nave del templo. El resultado fue una iglesia desproporcionada, excesivamente larga en relaci\u00f3n con la anchura. Durante los siglos XVII, XVIII y los primeros a\u00f1os del XIX el convento de San Francisco continuaba ejerciendo una importante funci\u00f3n social y cultural (escuela de gram\u00e1tica y de teolog\u00eda, farmacia, etc.) y era el lugar preferido por ciudadelanos a la hora de elegir sepultura, tanto dentro del templo como en el claustro. En el a\u00f1o 1835, sin embargo, aplicando el decreto de desamortizaci\u00f3n eclesi\u00e1stica, el convento fue extinguido y sus bienes pasaron a ser propiedad del Estado.<\/p>\n<p>La iglesia continu\u00f3 abierta al culto y en 1877 fue erigida en parroquia, mientras que el convento tuvo diferentes usos hasta que se construy\u00f3 la casa Cabrisses, de estilo colonial, sustituida posteriormente por el edificio de Correos. El huerto, en cambio, fue urbanizado a partir de 1865.<\/p>\n<p>Durante julio de 1936, en los primeros d\u00edas de la Guerra Civil, la iglesia fue saqueada y clausurada, por lo que se perdieron las im\u00e1genes y retablos y el \u00f3rgano, obra del organero suizo Johann Kyburz (1813). Justo acabada, y mientras la catedral estaba en obras, acogi\u00f3 el culto catedralicio volviendo a partir de 1941 a desarrollar s\u00f3lo las funciones de iglesia parroquial.<\/p>\n<p>Miguel \u00c1ngel Casasnovas<\/p>\n<p><img loading=\"lazy\" decoding=\"async\" class=\"aligncenter size-full wp-image-326\" src=\"http:\/\/imarques.info\/confraria\/wp-content\/uploads\/2019\/01\/retocadas-1.jpg\" alt=\"\" width=\"473\" height=\"313\" srcset=\"https:\/\/jesusdenatzaret.com\/wp-content\/uploads\/2019\/01\/retocadas-1.jpg 473w, https:\/\/jesusdenatzaret.com\/wp-content\/uploads\/2019\/01\/retocadas-1-300x199.jpg 300w, https:\/\/jesusdenatzaret.com\/wp-content\/uploads\/2019\/01\/retocadas-1-200x132.jpg 200w\" sizes=\"auto, (max-width: 473px) 100vw, 473px\" \/><\/p>\n<p>Direcci\u00f3n: Pla\u00e7a des Born, 8 &#8211; C.P. 07760 \u2013 Ciutadella de Menorca<\/p>\n<p>Tel\u00e9fono: 971381291 &#8211; Mail: <a href=\"mailto:psantfrancesc@gmail.com\">psantfrancesc@gmail.com<\/a><\/p>\n<p><em><strong>Rector: <\/strong><\/em>Mn. Gerard Villalonga Hell\u00edn <strong><em>Vicario: <\/em><\/strong>Mn. Jaume Ametller Pons<\/p>\n<p><strong>GPS: <\/strong><a href=\"https:\/\/www.google.es\/maps\/place\/40%C2%B000'01.8%22N+3%C2%B050'13.3%22E\/@40.000495,3.8364718,206m\/data=!3m2!1e3!4b1!4m5!3m4!1s0x0:0x0!8m2!3d40.000494!4d3.837019?hl=ca\">40\u00b000\u201901.8\u2033N 3\u00b050\u201913.3\u2033E<\/a><\/p>\n\n\n<figure class=\"wp-block-embed-youtube aligncenter wp-block-embed is-type-video is-provider-youtube wp-embed-aspect-4-3 wp-has-aspect-ratio\"><div class=\"wp-block-embed__wrapper\">\n<iframe loading=\"lazy\" width=\"1170\" height=\"878\" src=\"https:\/\/www.youtube.com\/embed\/mXKsLVWmxYs?feature=oembed\" frameborder=\"0\" allow=\"accelerometer; autoplay; encrypted-media; gyroscope; picture-in-picture\" allowfullscreen><\/iframe>\n<\/div><\/figure>\n","protected":false},"excerpt":{"rendered":"<p>La parroquia de San Francisco de Ciutadella tiene su origen en el convento de frailes menores o franciscanos fundado por&nbsp;[&hellip;]<\/p>\n","protected":false},"author":1,"featured_media":0,"parent":0,"menu_order":0,"comment_status":"closed","ping_status":"closed","template":"","meta":{"pgc_sgb_lightbox_settings":"","footnotes":""},"class_list":["post-47","page","type-page","status-publish","hentry","post-item clearfix"],"_links":{"self":[{"href":"https:\/\/jesusdenatzaret.com\/index.php?rest_route=\/wp\/v2\/pages\/47","targetHints":{"allow":["GET"]}}],"collection":[{"href":"https:\/\/jesusdenatzaret.com\/index.php?rest_route=\/wp\/v2\/pages"}],"about":[{"href":"https:\/\/jesusdenatzaret.com\/index.php?rest_route=\/wp\/v2\/types\/page"}],"author":[{"embeddable":true,"href":"https:\/\/jesusdenatzaret.com\/index.php?rest_route=\/wp\/v2\/users\/1"}],"replies":[{"embeddable":true,"href":"https:\/\/jesusdenatzaret.com\/index.php?rest_route=%2Fwp%2Fv2%2Fcomments&post=47"}],"version-history":[{"count":16,"href":"https:\/\/jesusdenatzaret.com\/index.php?rest_route=\/wp\/v2\/pages\/47\/revisions"}],"predecessor-version":[{"id":604,"href":"https:\/\/jesusdenatzaret.com\/index.php?rest_route=\/wp\/v2\/pages\/47\/revisions\/604"}],"wp:attachment":[{"href":"https:\/\/jesusdenatzaret.com\/index.php?rest_route=%2Fwp%2Fv2%2Fmedia&parent=47"}],"curies":[{"name":"wp","href":"https:\/\/api.w.org\/{rel}","templated":true}]}}